5. Let a be d(-1). Suppose 0 = -w*o + 5*h + 807, -h - 115 = o - a. Is o composite?
False
Suppose 0 = 3*b - 171. Suppose -f + 1389 = -5*k, 3*f - 4173 + b = -2*k. Suppose -1354 = -2*q + 4*n, -3*n = 2*q - 2*n - f. Is q prime?
False
Suppose 0 = -15*r - 147 - 88968. Let x = 10282 + r. Is x a prime number?
False
Suppose -k + q = -8, 22 = 4*k + 4*q - 6*q. Suppose k*n = -o + 1746 + 2275, 0 = 4*o - n - 16032. Is o a prime number?
False
Let n be 8/(-24) + 2/(-6)*2. Let y(o) = -701*o**3 + 2*o**2 - 2. Is y(n) a prime number?
True
Let r(w) be the second derivative of -w**5/20 - 13*w**4/12 - 5*w**3/6 + 6*w**2 + 4*w. Let k be r(-13). Suppose -y + k = -476. Is y a composite number?
True
Let y = -51962 - -172003. Is y composite?
False
Let y(g) = -2*g**2 + 4*g + 1. Let u be y(3). Let j(v) = 17*v + 51. Let b be j(u). Is 0 - (b - (-1 - -2)) prime?
False
Suppose -41*j = -11*j - 150. Let y(d) = 220*d**2 - 12*d - 3. Is y(j) prime?
True
Suppose 93 = 13*f + 15. Let t(l) = -512*l - 6. Let y be t(f). Let i = 4371 + y. Is i a composite number?
True
Let c(f) = -f**3 + 107*f**2 + 81*f + 487. Is c(62) a prime number?
True
Let b be (0 - 4/(-12))/(5/(-75)). Let t(u) = -7*u**3 + 2*u**2 + 8*u + 22. Is t(b) a composite number?
False
Let u = -33 - -276. Suppose 4672 = q + 4*a - u, -q + 4894 = -3*a. Is q prime?
True
Suppose -5*z + 7822 = -r, 0*r - 4698 = -3*z + 3*r. Suppose -z = 22*o - 24*o. Suppose 2*p - 261 - o = -s, 2*p - 1028 = 2*s. Is p composite?
True
Let a(o) = o**3 - 4*o**2 - o - 17. Let d be 4 - ((4 - -1) + -3). Let q be ((-63)/(-28))/(d/8). Is a(q) prime?
True
Let d(i) = i + 0 + 0*i - 3. Let j be d(6). Suppose 5*g - j*z - 465 = 0, 5*z - 4*z + 186 = 2*g. Is g composite?
True
Suppose -9846 - 182174 = -5*r + 5*b, -2*r + 76843 = 3*b. Is r a prime number?
False
Let u(k) = -k - 14. Let n be u(-8). Let z be (10/2)/(1/n). Is 54 - ((-6)/z + (-28)/(-10)) prime?
False
Is -2 + -3 + 596/((-6)/(-2160)*6) a prime number?
False
Let y be ((-38524)/(-12) - 5)*-3. Let c = y + 25607. Is c a prime number?
True
Suppose 2*x + r = 4 + 60, 2*x + 2*r = 64. Let s be x*(-2 - (-166)/8). Let w = 2651 - s. Is w a prime number?
False
Let n = 2365147 - 1576626. Is n a composite number?
False
Suppose 13618746 + 12929146 = 38*p - 7189230. Is p a composite number?
False
Is (-293236)/(-8) - ((-405)/30)/(-9) a prime number?
True
Let i = -2071 - -3580. Is i prime?
False
Let x(u) = -u**3 + 6*u**2 - 10*u + 14. Let c be x(4). Suppose 0 = c*g - 21*g + 52335. Is g a prime number?
False
Let y be 3/((-3)/(-4))*(-145035)/220. Is y/6*70/(-21) a prime number?
False
Suppose 11 = v - 2*f, -4*v = -3*v + 4*f - 5. Suppose j - v*j = -1976. Suppose -b = 3*d - 532, 2*b + d - j = 832. Is b a prime number?
True
Is (-3450381)/(-27) - (-250)/225 a composite number?
True
Suppose -407*u + 44355404 + 270607529 = -48035076. Is u a composite number?
False
Let n be (48/(-20))/6*(-11 + -38984). Suppose -n = -6*o + 45668. Is o a composite number?
False
Let v(k) = 67*k**2 + 11*k + 17. Let d(h) = -h**2 - 6*h + 48. Let n be d(-11). Is v(n) prime?
False
Let c(h) = -h**3 + h + 4435. Let d be c(0). Let w = 1099 + -1090. Suppose w*m + d = 14*m. Is m a composite number?
False
Let m = 20 - 16. Suppose 0 = 3*v - q - 9, -4*v - m*q + 0*q = -28. Suppose -8*f = -v*f - 88. Is f prime?
False
Let o = 313 + -291. Suppose 43*u = o*u + 373149. Is u a prime number?
False
Suppose 13*c - 18 = 7*c. Suppose 8437 = c*o - 2*j, 2*j - 11268 = 7*o - 11*o. Is o prime?
False
Let c = 113 - 101. Suppose 0 = 2*m - c + 8. Suppose -10*f + 44052 = m*f. Is f a prime number?
True
Suppose 5*h + 74538 = 21*h - 34*h. Let w(d) = -803*d**2 - d + 4. Let x be w(-3). Let t = h - x. Is t prime?
True
Let y = -3798 - -8501. Is y prime?
True
Let v(p) = p**2 - 30*p + 135. Let g be v(5). Is (-1898)/(-3) + g/(-6) composite?
False
Let v(x) = 17 + 54 + 5*x - 61*x. Is v(-13) prime?
False
Let b(y) = -y**3 + 14*y**2 + 4*y - 23. Let i(t) = -2*t**2 + 2*t + 6. Let d be i(-2). Is b(d) a composite number?
False
Let f(u) = 276*u - 1435. Is f(15) a prime number?
False
Let s = -68855 - -142092. Is s a prime number?
True
Suppose i + i = 3234. Suppose i = 3*w + 2*t, -5*t + 0*t + 1067 = 2*w. Is w a prime number?
True
Let a(l) = 20*l - 15 + 30*l**2 + 2*l - 4*l**2 + 4*l**3 + 19*l**2. Let m(k) = 2*k**3 + 22*k**2 + 11*k - 7. Let b(s) = 2*a(s) - 5*m(s). Is b(-10) prime?
False
Suppose -4*x = 4*q + 104, -3*x = 3*q - 5*q + 88. Let s be (x/(-12))/((-5)/(-15)). Suppose -5478 = -s*i + 8879. Is i composite?
True
Suppose 207 = 50*u - 43. Suppose a - 534 = -k + 3181, -u*k + 4*a = -18611. Is k a prime number?
True
Suppose 6*o - 18 = -6. Suppose -o*f = 14 - 20. Suppose -f*r = -8*r + 4155. Is r prime?
False
Let d(x) = 11 + 8*x - 12*x + 4*x**2 + x**3 - 9*x + 32*x. Is d(13) prime?
False
Let w(p) = 2*p + 15. Let u be w(-6). Let o(b) = 1004*b - 5. Let i(x) = 2008*x - 10. Let m(v) = u*i(v) - 5*o(v). Is m(3) a prime number?
False
Let z be (-2586)/(-4) + 2/(-4). Let a = z + -1124. Let b = a - -743. Is b a prime number?
False
Suppose 9387 - 194907 = 10*f. Let u = -4693 - f. Is u composite?
False
Suppose -2*a = -3*u + 11429 - 61130, -4*a - 4*u + 99432 = 0. Suppose 11*c + 4*c - a = 0. Is c composite?
False
Suppose -4*d - 73498 = -214638. Suppose 2*w = -5*i + d, 3*w + 2*w - 28228 = -4*i. Is i a prime number?
True
Let j be (3/(-12) - (-4737)/12)*18. Let z = -4324 + j. Is z composite?
False
Suppose 14276 = -7*h + 162291. Suppose -418*n + h = -413*n. Is n a prime number?
True
Let m(u) = 31369*u**2 - 117*u + 761. Is m(6) prime?
True
Is (-54 - -41) + (0 - -232787) prime?
False
Suppose 0 = -5*z - 4*o, -5*z + o - 15 = -10*z. Suppose -z*m - 1552 = -4*y, -y - 5*m = -4*y + 1158. Is y composite?
True
Suppose -4*x - a + 12584 = 0, -x - a = -2*a - 3151. Let n = 980 + x. Is n prime?
True
Suppose -y = -3*d + 4*y - 44, -12 = d - 3*y. Let r be -1*(-6)/d + (-3202)/6. Let i = 913 + r. Is i composite?
False
Let v(n) = 543*n + 8. Let t(i) = i**3 + 7*i**2 - 5*i + 27. Let m be 12/15 - (-176)/(-20). Let q be t(m). Is v(q) composite?
False
Suppose -1 = -2*r + 5. Let i be ((-6)/(-5))/(7/1470). Is (-3 - 0) + 12/r + i a prime number?
False
Is (-54)/10 + (-6)/(-15) - (-1 - 1725) prime?
True
Suppose -h = -2*a - 9, 2*a + a + 11 = 4*h. Is (306/(-72))/(h/212) prime?
False
Suppose 3 = u, -3*u = -3*q - 75670 + 245722. Is q composite?
False
Suppose k + 1092 = 29*k. Suppose k*y = 944867 - 42524. Is y a composite number?
True
Suppose 4*c + 96 = -4*n, -4*c = -5*c - 3*n - 14. Let v(i) = -i**3 - 26*i**2 + 31*i - 6. Is v(c) prime?
False
Let q = -301072 - -700521. Is q composite?
True
Let y = 114 - 100. Let p(u) = 20*u**2 - 6 + 22 - 6 + y*u - 13. Is p(-7) prime?
False
Let j(i) = 2*i - 22. Let h be j(13). Suppose x + h = -0. Is (638 + -16)/(x/(-30)*3) composite?
True
Let y = 2156477 - 1459330. Is y a prime number?
False
Let o be 8/(-3)*12/(-8). Suppose -3*b + o*v = -0*b - 9123, 6080 = 2*b - 2*v. Is b a composite number?
False
Let g be (-10 - -12)/(4/24). Is (-62)/6*(g - (111 - -12)) a prime number?
False
Let p = -18653 + 42485. Suppose -p = -23*f + 32725. Is f a composite number?
False
Suppose 0 = -3*u - 16994 + 81584. Let n = 35659 - u. Is n a prime number?
False
Let v(c) = c**2 - c - 2. Let u be v(-10). Let b be u/21 + (-1)/(-7)*-1. Is (-5380)/(-30)*(b + -2) a composite number?
True
Let k be (-6)/12 - 9569/(-14). Suppose 5*j = -3*d + 9 + 7, 4*d + 2 = 5*j. Suppose -d*u + 75 = -k. Is u a composite number?
False
Let r(g) = g - 3. Let l be r(5). Suppose 0 = 5*d + l - 42. Suppose d*v - 1190 = 450. Is v a composite number?
True
Suppose 0 = -2*b + 4 + 6, -y + 6817 = 4*b. Suppose -4*x = -5*v + y, 65*v - 5*x - 2712 = 63*v. Is v a prime number?
True
Suppose -2*l - 12 + 30 = 0. Let n be l*1 + 21 + -25. Suppose -n = -j + 17. Is j a prime number?
False
Suppose 1409671 = 100*q + 380271. Is q prime?
False
Let z(q) = -121*q**3 + 22*q**2 + 221*q - 49. Is z(-13) a composite number?
False
Let c(s) = -2218*s + 3911. Is c(-52) a composite number?
True
Let m = 52 - 15. Let c = m + -35. Suppose 4*z + 442 = 2*f, -z + 206 = -f + c*f. Is f prime?
True
Let v be 3378 - (4/12 - (-30)/18). Let f = 975 + v. Is f composite?
True
Let r(n) be the second derivative of -n**5/20 + 7*n**4/12 - n**3 - 3*n**2/2 + 190*n. Suppose -2*g = 3*j - 0*g + 14, -2*g = -4. Is r(j) prime?
False
Let d(q) = -26058*q + 4. Let 